ors of s.
13
Suppose -250 = -7*k + 541. List the prime factors of k.
113
List the prime factors of 112 - ((-6)/4)/((-4)/8).
109
Suppose i = -0 - 9. Let o(m) = -m + 1. Let n be o(2). Let j = n - i. What are the prime factors of j?
2
Let j be ((-2)/3)/((-1)/3). Suppose -j*u = -7*u - 4*v + 33, 4*u - 10 = 5*v. Suppose -k + 12 = -2*o + 4*o, 0 = u*o - 5*k - 45. List the prime factors of o.
7
Let x(r) = -33*r + 2. Let u be x(-2). Suppose -s + u + 6 = 5*a, 0 = -2*s + 8. Suppose 0 = -3*n + 5*n - a. List the prime factors of n.
7
Let f(n) = -n**3 - 4*n**2 + 5*n + 3. Let u be -5*(-1)/(0 + -1). What are the prime factors of f(u)?
3
Let y(k) = -k**2 + 13*k + 3. Let f be y(13). Suppose -2*q + 33 = -5*a + 9, -f*q + 36 = 3*a. List the prime factors of q.
2, 3
Let r(p) = p + 8. Suppose 18 = -9*q + 12*q. List the prime factors of r(q).
2, 7
Suppose -4*v - 2*k + 91 = -3*k, 3*k + 112 = 5*v. What are the prime factors of v?
23
List the prime factors of -3*(88/(-3) - 2).
2, 47
Let r(o) = -31*o + 39. List the prime factors of r(-5).
2, 97
What are the prime factors of (-12 + 5)/((-1)/10)?
2, 5, 7
Let p(x) be the third derivative of -x**4/24 + 7*x**3/6 + 2*x**2. Let l be p(7). Suppose -5*a = -l - 15. What are the prime factors of a?
3
Suppose 3*l = 4*s - 1470, -4*s + 7*s - 5*l - 1097 = 0. What are the prime factors of s?
3, 41
Let j(q) = -q**3 - 7*q**2 - q - 4. List the prime factors of j(-7).
3
Suppose -2*z - 10 = -58. Let j = z - -5. What are the prime factors of j?
29
Suppose -4*h = 5*y - 129, -h + 3*y - 41 = -2*h. What are the prime factors of h?
2, 13
Let f(t) be the first derivative of -t**4/4 + 2*t**3 + 4*t**2 - 4*t + 4. What are the prime factors of f(7)?
3
Let b(j) = j**2 - 2*j. Let d be b(-2). Let f = d + -3. Suppose 0*x - x = -f. List the prime factors of x.
5
Let g(u) be the first derivative of -u**5/120 - u**4/12 - u**3/3 + 2. Let h(a) be the third derivative of g(a). What are the prime factors of h(-6)?
2
Let q be -4 + 2 - (3 + -6). Let s(w) = -2*w**2 - 2*w + 7. Let t(d) = 7*d**2 + 6*d - 20. Let o(v) = 17*s(v) + 6*t(v). What are the prime factors of o(q)?
3
Let b(t) = t**3 - 2*t. Let j be b(3). Let p = -13 + j. What are the prime factors of p?
2
Let z = 8 - 5. Suppose y = 3*q + 10, z*q = 2*y + 4 - 21. Suppose -6 = 6*u - y*u. List the prime factors of u.
2, 3
Let d(o) be the third derivative of 13*o**6/60 - 3*o**2. List the prime factors of d(1).
2, 13
Let z be 24/18*(-18)/(-8). List the prime factors of (3/6)/(z/228).
2, 19
Let f(d) = 4*d - 3*d - 2*d. Let u(b) = -b**2 - 13*b - 16. Let v be u(-12). What are the prime factors of f(v)?
2
Let d(t) = t + 3. Let q be d(-9). Let g = q - 2. Let p = g + 11. List the prime factors of p.
3
List the prime factors of (36/(-8))/(4/(-24)).
3
Let u = -23 + 78. What are the prime factors of u?
5, 11
Let q(u) = 6*u**2 - 1. What are the prime factors of q(-2)?
23
Suppose -3*y = -5*x - 14, y - 5 = -2*x - 4. Let c be (-11)/9 - 14/(-63). Let h = c + y. List the prime factors of h.
2
Suppose 4*b + 2*u - 3*u = 19, -4*b - 5*u + 1 = 0. Let t(i) = i**3 + i**2 - 3*i + 1. Let r be t(2). Let g = r - b. What are the prime factors of g?
3
Let p(c) = -c**2 - 7*c**2 + 6 + c + 5 + 7*c**2. Let f(h) = h**2 + 7*h + 6. Let o be f(-6). List the prime factors of p(o).
11
Suppose 4*n = 835 - 15. What are the prime factors of n?
5, 41
Let i(q) = -21*q**3 + q**2 + q + 1. Let k be (-8)/(-24) - (-4)/(-3). List the prime factors of i(k).
2, 11
Suppose 5*g - 2*v = -38, -4*g + 2*g = -3*v + 13. Let r be -29 - (g/2 - -2). List the prime factors of (r/6)/((-3)/4).
2, 3
Let u(s) = s**3 + 5*s**2 - 8*s - 8. Let a be u(-6). Suppose -w + a*w = 21. What are the prime factors of w?
7
Let f(v) = v**2 - v + 5. Let s be f(0). Let r be 87/(-5) + 2/s. Let m = -11 - r. List the prime factors of m.
2, 3
Let r be 11 + (0 - -1)*1. Let d = -7 - -6. Let i = r + d. What are the prime factors of i?
11
Let i(f) = f**3 - 8*f**2 + 5. Let o be i(8). Let g = o + -3. Suppose 5*l - 51 = 2*v, -l = -3*l + g*v + 18. List the prime factors of l.
11
Suppose -12 = -4*c, -4*k + 2*c = 5*c - 149. What are the prime factors of k?
5, 7
Suppose -3*g = -5*g + 6, 88 = -5*l - 4*g. Suppose -5*j - 175 = -5*m, -4*m = 2*j + 87 - 245. Let v = m + l. List the prime factors of v.
2, 3
Let x = -75 + 181. What are the prime factors of x?
2, 53
Suppose 2*k + 276 = -2*k. Let m be ((-4)/3)/4*k. Let j = -11 + m. What are the prime factors of j?
2, 3
Let h = -9 - 6. Let r = 29 + h. What are the prime factors of r?
2, 7
Suppose -3*k - 282 = -2*q + 502, -5*k - 1960 = -5*q. What are the prime factors of q?
2, 7
What are the prime factors of 287/3 + (-4)/6?
5, 19
Suppose 5*s = -3*b + 353, -5*s - 313 = -0*b - 3*b. What are the prime factors of b?
3, 37
Suppose -4*s - 1 - 21 = -t, -17 = 3*s - t. Let x be (0 - 4)/(3 + s). Suppose -3 - 25 = -x*z. List the prime factors of z.
2, 7
Suppose -m = -9 - 0. Suppose -j = 11 + m. Let a = j - -32. What are the prime factors of a?
2, 3
Suppose -5*l + 14*l - 1386 = 0. What are the prime factors of l?
2, 7, 11
Let u be (-3)/((1 + 0)/1). Let i = u + 14. List the prime factors of i.
11
Let c(g) = -g - 7. Let b be c(-7). Suppose b = -m - 6 - 13. Let h = m + 29. What are the prime factors of h?
2, 5
Suppose -517 = -5*q + 323. What are the prime factors of q?
2, 3, 7
Let j = 16 - -24. List the prime factors of j.
2, 5
Let k(n) = -25*n**3 - n**2 + 2*n. List the prime factors of k(-2).
2, 3
Suppose 3*m = 3*y + 33, 3*m + 9 - 18 = -y. Let h be 1/y + 185/30. Suppose -w = -h*w + 45. What are the prime factors of w?
3
Suppose -4*b - 34 = -2*h, -5*h + 79 = -2*b - 2*b. List the prime factors of h.
3, 5
Let l = 28 + -22. Suppose -2*t - 224 = -l*t + 5*n, 5*t - n - 259 = 0. What are the prime factors of t?
3, 17
Let x = 30 - 2. What are the prime factors of x?
2, 7
Let y(j) = -2*j - 2. Let k be y(-5). Suppose 110 = 3*l + 2*l. Suppose k = 5*z - l. What are the prime factors of z?
2, 3
Let a(d) = -57*d + 14. What are the prime factors of a(-3)?
5, 37
Suppose 0 = 5*n + 239 - 824. List the prime factors of n.
3, 13
What are the prime factors of 170/45 - (-4)/18?
2
Let x be 0 - (-4)/(8/6). Suppose -x*k + 30 = -k. What are the prime factors of k?
3, 5
Suppose -17 = o - 67. List the prime factors of o.
2, 5
Let p(m) = -5*m + 10. Let g(r) = 6*r - 11. Let q(a) = 3*g(a) + 4*p(a). List the prime factors of q(-6).
19
Let s(h) = 2*h**3 - 17*h**2 - 10*h. Let m(i) = i**3 - 8*i**2 - 5*i. Let k(v) = 5*m(v) - 2*s(v). List the prime factors of k(7).
2, 7
Suppose -5*d + 7 - 27 = 0. What are the prime factors of -1 - (4 + d - 18)?
17
Let q(t) = 7*t**2 + 2*t + 1. Let p be q(-1). Let n = 26 + p. List the prime factors of n.
2
Suppose -2*z - 2*z = -y - 124, -4*y - 448 = -4*z. Let v be y/45 - 3/5. Let a(m) = -8*m - 3. List the prime factors of a(v).
3, 7
Let i be 4/(((-4)/(-3))/2). Suppose 4*r - 3*r = i. What are the prime factors of (0 + 2)*21/r?
7
Suppose 10*a - 44 = 2536. List the prime factors of a.
2, 3, 43
Let v = -12 - -6. Let w(t) = 1 + 3*t + 3*t + 0 - 7*t. What are the prime factors of w(v)?
7
Let d = 92 + -52. What are the prime factors of d?
2, 5
Let r(y) = 3*y**3 + 2*y**2 - y. Let l be r(1). Suppose -5*o = -l*o - 10. Let h = 14 - o. List the prime factors of h.
2
Let o = 139 + -53. List the prime factors of o.
2, 43
Let i be 2/(-4) + 2/(-4). Let u(t) be the third derivative of -t**6/24 + t**5/60 + 2*t**2. List the prime factors of u(i).
2, 3
Suppose 2*s = -s + 21. Suppose -2*f = -3*r + s, -5*r - f + 14 = -2*f. Suppose -r*t + 24 + 33 = 0. What are the prime factors of t?
19
Let r(g) = -g**2 - 8*g - 1. Let a(c) = c - 13. Suppose 0 = 5*t - 3*t - 14. Let y be a(t). What are the prime factors of r(y)?
11
Suppose -25 = 4*j - 1. What are the prime factors of 6/(j/2) - -10?
2
Let b(f) = -f**2 + 11*f - 21. Let l be b(9). Suppose -2*n - t - 15 = 0, -6*n + n - 3*t - 37 = 0. Let a = l - n. What are the prime factors of a?
5
Let h = 8 + 66. List the prime factors of h.
2, 37
Let u be -3 + 5 - 0/(-1). Suppose 50 = 3*s + t, -u*t = 3*s - 0*t - 55. Let h = s + -9. List the prime factors of h.
2, 3
List the prime factors of (33/11 + (-14)/(-10))*25.
2, 5, 11
List the prime factors of (-5)/(-15)*-1 + (-302)/(-6).
2, 5
Suppose -13 = -5*r + 32. Suppose 3*u + u + 5*x + r = 0, -5*u - x = -15. List the prime factors of u.
2
Let